when s is divided by i?
20
Let s = -165 - -185. Calculate the remainder when 76 + (3 - (2 - 1)) is divided by s.
18
Let c be -14*9/42*-92. Suppose -6*z + 12*z - c = 0. Suppose -48 = -0*a - 4*a. Calculate the remainder when z is divided by a.
10
Let z = -174 - -269. Let q = z + -74. What is the remainder when q is divided by 7?
0
Suppose -4*r + 7*r = 78. Suppose -10*f = -34 - 26. Suppose -70 = -f*j + j. Calculate the remainder when r is divided by j.
12
Suppose -4*c = -c + 3, 3*g - 51 = -3*c. Let i = -3674 + 3682. Calculate the remainder when g is divided by i.
2
Let f(o) = 13*o**2 + 4*o - 7. Suppose 60 = -0*x + 3*x. Calculate the remainder when f(-3) is divided by x.
18
Suppose 7*t - 2*t + 4*p = 2746, -p + 1096 = 2*t. Calculate the remainder when t is divided by 61.
58
Suppose a - 382 = 40*t - 43*t, -t = a - 126. Calculate the remainder when t is divided by 65.
63
Suppose -1207 = -50*t - 107. Calculate the remainder when (3 + 24/5)*5 is divided by t.
17
Let i = -16 - -23. Suppose 20 = 3*d + 2*d. Suppose d*o + 12 = 120. Calculate the remainder when o is divided by i.
6
Let j(m) = m**3 - 14*m**2 + 13*m. Let a be j(13). Suppose 2*f - 8 + 4 = a. Calculate the remainder when 3 is divided by f.
1
Suppose 3*y + 13 = 73. Suppose -2*l + y = 3*l. Let k = -16 - -26. Calculate the remainder when k is divided by l.
2
Suppose -25 = 5*r - 5. What is the remainder when 59 is divided by 2/(-4) + (-82)/r?
19
Calculate the remainder when 27/(-18) - 31*66/(-4) is divided by 27.
24
Let c(k) = k + 10. Let r be c(-3). Let x = 13 - r. Suppose 5*v = 3*m - 2*m + 24, -4*v + 3*m = -28. What is the remainder when x is divided by v?
2
Let m(q) = 2 - 7 - 6 + 3*q**2 - 6*q. What is the remainder when m(-5) is divided by 16?
14
Let y(n) = -n**2 - 26*n - 35. What is the remainder when y(-18) is divided by 11?
10
Let d = -169 + 184. Let a(y) = -23*y - 2. Let v = 2 + -4. Calculate the remainder when a(v) is divided by d.
14
Calculate the remainder when (13 - -1)/(8 - (-600)/(-76)) is divided by 28.
21
Let q = 64 - 46. Let r = q - 18. Suppose -5*o = -r*o - 215. Calculate the remainder when o is divided by 11.
10
Let d(h) = h**3 + 7*h**2 + 8. Calculate the remainder when (180/(-150))/((-9)/60) is divided by d(-7).
0
Suppose -169 = -5*w - 8*w. What is the remainder when 154 is divided by w?
11
Let n = 15 - 13. Let k be ((-3)/n)/(4/(-8)). Suppose k*z - 7*z = -80. Calculate the remainder when z is divided by 11.
9
Suppose -177*w = -140*w - 407. What is the remainder when 246 is divided by w?
4
Let c(y) = 3*y - 22. Let g be c(12). Suppose 176 = 22*n - g*n. What is the remainder when n is divided by 12?
10
Suppose 2*i - 132 = -3*u, 0 = 2*u + 3*i - 4*i - 95. Suppose 0 = -4*c - 19 - 1, 5*v - 3*c = 95. Calculate the remainder when u is divided by v.
14
Suppose 11*k = 9*k + 44. Calculate the remainder when k is divided by 19.
3
Suppose -4*n + 3*j + 621 = 0, -8*n - 2*j = -6*n - 328. Calculate the remainder when n is divided by 28.
19
Let r be (-2)/(-9) - 128/(-72). Suppose 3*w = r*w + 5*a + 107, 5*a - 445 = -5*w. Calculate the remainder when w is divided by 24.
20
Suppose -5*g + 65 = 4*l - 53, 17 = g + 3*l. What is the remainder when g is divided by 1/(-28)*-4 - (-110)/14?
2
Let x = -2 + 4. Suppose 0 = -x*v + 3*d + 53, 0 = 3*v + 2*d + 3 - 115. Calculate the remainder when v is divided by 9.
7
Let b(w) = w**3 - w**2 + w + 7. Suppose -2*s + 60 = -j, 2*s + 5*j - 65 = 19. Calculate the remainder when s is divided by b(0).
4
Let y(i) = 20*i + 60. Calculate the remainder when 958 is divided by y(3).
118
Let l(x) = 8*x + 1. Let v be l(-5). Let s = -34 - v. Calculate the remainder when 22 is divided by s.
2
Let p(o) = 3*o**3 + 7*o + 5. Suppose -4*b = -b + 12. Let j(l) = 2*l**3 + 6*l + 4. Let f(r) = b*j(r) + 3*p(r). Calculate the remainder when f(3) is divided by 9.
8
Let a = -207 - -234. What is the remainder when 79 is divided by a?
25
Suppose -4*r - 1 = -2*l - 3*r, 0 = -5*l + 3*r. Let k(g) = 2*g**2 + 1. Suppose d - 7 = 3. What is the remainder when k(l) is divided by d?
9
Let n(m) be the first derivative of 5*m**3/3 - m**2 + 12*m + 3. Let y(v) = 15*v - 26. Let t be y(2). Calculate the remainder when n(t) is divided by 17.
16
Let o(r) = 3*r - 11. Let u be o(8). Let w = u + -6. Suppose 0 = -2*c + n + 20, 3*c = 4*n + 14 + 11. Calculate the remainder when c is divided by w.
4
What is the remainder when (129/4)/((-3)/(-12)) is divided by (4/6)/((-140)/2871 - 4/(-58))?
30
Let p(b) = -b**2 + 9*b + 3. Let s = 31 + 25. Let u = -13 + s. Calculate the remainder when u is divided by p(8).
10
Suppose 6*p = 7*p - 30. Suppose 0*f + p = 2*t + 2*f, -3*t + 35 = f. Let x = 9 - -18. Calculate the remainder when x is divided by t.
7
Suppose 3*m - 6*a - 64 = -a, 0 = -2*m + 4*a + 42. Suppose 426*l - 56 = 419*l. What is the remainder when m is divided by l?
7
Let c be 126/15*30/(3 - 1). Suppose -7*l + 133 = -c. What is the remainder when 110 is divided by l?
36
Let o(n) = -n**2 - 5 + 2 - 6*n - 6 + 4. Let w be o(-5). Suppose -4*c + 5*c - 25 = w. What is the remainder when 73 is divided by c?
23
Let w = -15 + 24. Let k = w - 4. Suppose -7*b - k*c = -3*b - 117, -2*c = 6. Calculate the remainder when b is divided by 17.
16
Let w be 2/(-4)*(2 + -2). Suppose 4*y - 5*y + 5 = w. Suppose y*c - 4*c - 71 = 0. What is the remainder when c is divided by 18?
17
Suppose -2*b = -b - 12. Suppose -10 = 10*m - b*m. Suppose -3*r + 5*x = r - 224, 0 = m*r - 2*x - 263. What is the remainder when r is divided by 18?
15
Let k = 27 - 19. Suppose 21 - k = h. Calculate the remainder when 62 is divided by h.
10
Let m = 155 + -93. Suppose -2*h - 2*h + 236 = -3*y, y + 2*h = -m. What is the remainder when (-8)/3*y/6 is divided by 9?
5
Let g = -18 + 79. Let m = g - 22. Let w = -33 + m. Calculate the remainder when 18 is divided by w.
0
Let n(v) = v**2 - 17*v + 8. Let p be n(17). Suppose p*m - 4*m = 44. Calculate the remainder when 42 is divided by m.
9
What is the remainder when 103 is divided by (0 - -46) + (-3 - 3)?
23
Suppose -5*d = 4*c - 1634, -1287 = -2*c + 3*d - 459. Calculate the remainder when c is divided by 37.
4
Let s be (-2)/(1 + -3)*81. Let j = s - 56. What is the remainder when j is divided by 9?
7
Suppose 0 = -15*w + 11*w - 4*d + 32, -4*w = d - 41. Suppose 3*t + 5*f - 74 = 0, -4*t + 0*f + 68 = -f. What is the remainder when t is divided by w?
7
Let c = 154 - 145. What is the remainder when 592 is divided by c?
7
Suppose 0 = 5*a + 165 - 320. Let m(s) = 3*s**2 - 4*s + 1. Calculate the remainder when a is divided by m(3).
15
Let u = 803 - 797. What is the remainder when u is divided by 5?
1
Let x(p) = p**2 + p + 72. Let j = -2 + 2. What is the remainder when x(j) is divided by 5/(-15) + (-164)/(-6) + -2?
22
Let q(j) = -j**3 + 15*j**2 - 11*j - 31. Let u(c) = -1 - 42*c + 2 + 0. What is the remainder when u(-1) is divided by q(14)?
10
Suppose -48 = -2*p - p. Let x = 25 - p. Let q = 2134 - 2110. Calculate the remainder when q is divided by x.
6
Let j(c) = 5*c - 18. Let b(p) = -p**3 + p + 4. Let o be b(0). What is the remainder when 12 is divided by j(o)?
0
Suppose b = 4 - 0. Let d = -367 - -170. Let f = -191 - d. What is the remainder when f is divided by b?
2
Suppose 5*f - 4*i - 79 = 17, 20 = 2*f + 3*i. Let h = -177 + 252. What is the remainder when h is divided by f?
11
Let t(w) = w + 2. Let j(m) = -m**3 + m**2 + 4*m + 7. Let x(r) = 2*j(r) - 7*t(r). Let o be x(2). What is the remainder when 49 is divided by (-3)/o + 51/2?
23
Suppose 4*p - 2*p = 50. Let s be 6/2 + 48*6/12. Suppose s*n = 22*n + 70. Calculate the remainder when p is divided by n.
11
Let l(r) = 77*r**2 - r + 2. Let g be l(5). Calculate the remainder when (-10)/35 + g/14 is divided by 35.
32
Let a = -31 + 79. What is the remainder when (-2 + (4 - 0))*13 - -4 is divided by a/(-18)*6/(-2)?
6
Suppose -6*w + 9*w - 2*v = 53, 4*v - 30 = -2*w. Calculate the remainder when w is divided by 13.
4
Let z(s) = -4*s**3 + 3*s**2 + 2*s. What is the remainder when 37/1*(-7 + 6)/(-1) is divided by z(-1)?
2
Let y(n) = -7*n + 14. Calculate the remainder when 243 is divided by y(-5).
47
Let o(w) = w**3 - 3*w**2 + 2*w - 1. Calculate the remainder when (-31)/(8 + -2 + (-39)/6) is divided by o(4).
16
Suppose 22*i = 2953 - 2821. Let v be (-2)/(-3) + 10/3. Suppose y + m - 12 = 0, v*m = y - 0*m - 2. Cal